Let q be h(5). Calculate the greatest common divisor of 90 and q.
10
Let v(o) = -o**2 - 4*o + 1. Let j be v(-3). Suppose -j*c + 358 = 106. What is the highest common divisor of 7 and c?
7
Let j = -38 + 2. Let k be (j/21)/(2/(-7)). Let l = k - 3. What is the highest common factor of l and 12?
3
Let f be (-13)/(-3) + (-4)/12 - -56. What is the greatest common factor of 240 and f?
60
Let h = -9 + 3. Let g be h/(-15) + (-36)/(-10). Let j(f) = f**3 + 6*f**2 - 10*f - 1. Let u be j(-7). What is the highest common factor of g and u?
4
Let j(v) = v**3 - 11*v**2 - 9*v - 18. Let u be j(12). Calculate the greatest common factor of 36 and u.
18
Let z = 58 - 50. Calculate the greatest common divisor of 88 and z.
8
Let z(v) = v + 52. Let a be z(-20). Suppose 2 + 158 = 2*c. Calculate the greatest common divisor of a and c.
16
Let q(b) = 4*b - 2. Let s be q(3). Let n = 8 - 2. Let l be ((-16)/12)/((-2)/n). What is the greatest common divisor of l and s?
2
Suppose -5*h = -2*l - 3*l + 685, -5*l + 679 = -2*h. Let k(j) = -j + 10. Let s be k(7). Suppose -s*v = -0*v - l. What is the greatest common divisor of 18 and v?
9
Suppose 3*v = 2*y - 91, -y + v = 2*y - 119. Let x be 10/(3/(-9)*(-6)/19). Calculate the highest common factor of x and y.
19
Let o = 8 - -118. Calculate the highest common divisor of o and 14.
14
Suppose 2*u + 4 + 4 = 0. Let x(t) = 5*t**2 - 4*t - 6. Let l be x(u). What is the highest common factor of 10 and l?
10
Let n(c) = -c**2 - 9*c + 7. Let a be n(-10). Let f = 0 - a. Suppose 0 = f*i + 3, 2*i + 112 = j - 0*i. What is the highest common divisor of j and 10?
10
Suppose -5*q + 202 + 126 = 4*u, 258 = 4*q + u. What is the greatest common factor of 8 and q?
8
Let j be -8 + 0/(-2 - -1). Let c = 4 + j. Let w be 38/5 + c/(-10). Calculate the highest common factor of w and 8.
8
Let u be (-108)/(2*9/(-12)). Calculate the greatest common divisor of u and 48.
24
Let z = -19 - -2. Let k = z + 19. What is the greatest common factor of k and 1?
1
Suppose 0 = -a - 4*q + 8*q + 209, 0 = 4*a + 3*q - 912. Calculate the highest common divisor of 25 and a.
25
Suppose -5*x = -2*t + 5, 0*x + 6 = 2*x. Let q = 11 + -1. What is the highest common factor of q and t?
10
Let l(u) be the third derivative of -u**4/24 - u**3/6 - 2*u**2. Let q be l(-2). Calculate the highest common divisor of 5 and q.
1
Suppose -a + 4*l + 5 = -39, -4*a + 157 = 3*l. What is the highest common factor of a and 10?
10
Suppose 50 = 5*f + 3*l, 2*l + 0*l = -5*f + 45. What is the greatest common divisor of f and 2?
1
Let k be 11/(-99)*6*(-11 + -1). Let d be 3/(((-18)/4)/(-3)). Calculate the highest common divisor of k and d.
2
Suppose -7*x = -3*x - 20. Suppose n = 3*q - q - 25, -3*q - x*n = -57. What is the greatest common divisor of 35 and q?
7
Suppose 4*k - 24 - 8 = 0. Let c(q) = -q**2 - 8. Let f be c(k). Let w be -1 - f/((-2)/(-1)). Calculate the greatest common factor of w and 5.
5
Suppose 3*u = u. Let n(c) = 13*c - 27. Let q(v) = -3*v + 7. Let b(t) = 2*n(t) + 9*q(t). Let j be b(u). Calculate the highest common divisor of 36 and j.
9
Suppose i - 5 = 5*u + 22, -4*i - u + 45 = 0. Let t(d) = -3*d**2 + 2*d**2 + 0*d**2 + 7*d - 6. Let q be t(5). What is the greatest common divisor of q and i?
4
Let c = 7 - 11. Let a(l) = -51*l + 15. Let t(d) = -13*d + 4. Let x(k) = 4*a(k) - 15*t(k). Let z be x(c). Calculate the greatest common divisor of 4 and z.
4
Let m = 30 - 17. Calculate the greatest common divisor of 39 and m.
13
Suppose 80 + 16 = t. What is the greatest common factor of t and 12?
12
Let d = 6 - 10. Let x be -1 - d - (0 + -117). What is the highest common factor of x and 15?
15
Let j = 69 + -3. Suppose f - 3*f - 6 = 0. Let u(n) = -n + 3. Let m be u(f). What is the highest common divisor of m and j?
6
Let u be (8/(-4))/(-4)*-54. Let x = u + 31. What is the highest common divisor of x and 1?
1
Suppose 0 = -o - 0*o + 6. Let x be ((-3)/o)/(1/(-12)). Let r(k) = k**3 - 7*k**2 + 7*k + 7. Let z be r(x). Calculate the greatest common divisor of 104 and z.
13
Let g = -2 - -8. What is the greatest common divisor of g and 9?
3
Suppose 4*s = 3*q + 180 - 600, -441 = -3*q - 3*s. Calculate the greatest common factor of 16 and q.
16
Let a = 3 + 2. Suppose 0 = -4*t + a*t - 75. Calculate the highest common factor of 30 and t.
15
Let k(c) = 3*c**2 + 2*c - 2. Let d be k(2). Suppose -5*n = -3*n - 660. Suppose n = 4*z - 118. What is the highest common factor of z and d?
14
Let s be (0 - 5)*(-3 + -20). Let z = 49 - 3. What is the highest common factor of z and s?
23
Let b = 1 - -4. Let l = b + -102. Let s = l - -142. What is the highest common divisor of s and 9?
9
Let b(i) = 2*i + 1. Let g be b(5). Suppose -3*w = -w + 4. Let y be w/(-3) - (-128)/6. Calculate the highest common divisor of y and g.
11
Let s(b) = -2*b + 48. Let m be s(17). Calculate the highest common factor of m and 28.
14
Let x = -3 - -10. Let k = -2 + x. What is the highest common factor of k and 1?
1
Let v(h) = -h**3 - 2*h**2 + 2. Let o be v(-2). Let p(l) = -5*l**2 - 2*l - 2. Let t be p(-2). Let r = -4 - t. Calculate the greatest common divisor of r and o.
2
Suppose 3*a = -l + 15, -4*l - 4*a + 52 = -0*a. Suppose -4*w - i = 3*i + l, -3*w = -3*i - 21. Let s = 18 + -8. What is the highest common divisor of w and s?
2
Suppose -4*g - g + 10 = 0. Let f(w) = 6*w**2 - 4*w + 2. Let u be f(g). Calculate the greatest common factor of 45 and u.
9
Suppose n + 34 = 5*x, -x = -2*n - 2*n - 3. Suppose 0 = -3*v + 81 - 18. What is the highest common factor of v and x?
7
Let r = -55 + 159. Calculate the highest common factor of r and 13.
13
Suppose 7 = 5*f + 2. Let v = f - -1. Suppose -v*k = -4*k + 20. Calculate the highest common factor of 10 and k.
10
Suppose 4*q - 2*q = 0. Let c = 5 + q. Suppose 0 = 5*i - c - 65. What is the highest common factor of 35 and i?
7
Suppose -3*o - o = 24. Let i = 16 + o. Calculate the greatest common factor of 15 and i.
5
Suppose 0*u - 5*u + 210 = 0. What is the greatest common divisor of 6 and u?
6
Let k be (-2778)/(-33) + (-4)/22. Suppose k = -4*i - 72. Let m = -19 - i. What is the greatest common divisor of 180 and m?
20
Let g = -19 + 32. Suppose 0 = 2*y - 0*y - 3*f + 5, -f = 5*y - g. Let q be ((-18)/(-12))/(y/96). What is the highest common factor of 8 and q?
8
Let g(l) = 69 + 2*l - 69. Let j be g(5). Calculate the highest common factor of j and 10.
10
Suppose -6*f - 850 = -16*f. What is the greatest common divisor of f and 5?
5
Let p be (-1)/(-5) + (-588)/(-35). What is the greatest common divisor of 17 and p?
17
Let p be -16*(3 + -7 - 0). Suppose -2*g + 55 = -i - p, 4*g + 2*i - 242 = 0. Calculate the highest common factor of 12 and g.
12
Let p be -2 + 4 + (0 - -10). Suppose d + p + 4 = 0. Let a = d - -24. What is the highest common divisor of a and 88?
8
Suppose -5*u - 6 + 86 = 0. Let f be u/6*18/8. Calculate the greatest common divisor of f and 66.
6
Let s(k) = k**2 + 12*k + 12. Let x be s(-11). Calculate the highest common factor of x and 1.
1
Suppose -4*z + 32 - 8 = 0. Suppose 0 = z*o - o + 670. Let g = o - -206. What is the highest common factor of g and 12?
12
Let z(y) = -20*y**3 + y + 1. Let l be z(-1). Suppose -3*v + 664 - 4 = 0. What is the highest common factor of v and l?
20
Let d = 13 - 10. Calculate the highest common divisor of d and 9.
3
Suppose -12 = 4*u - 5*u - 2*t, -5*t - 15 = -2*u. Let w be 88/9 + 6/27. Calculate the greatest common divisor of u and w.
10
Let x(w) = w**3 + 6*w**2 + 6*w + 3. Let b be x(-4). Calculate the greatest common factor of b and 55.
11
Suppose 0 = v + 2*t - 20, -6*t + 7*t + 111 = 5*v. What is the greatest common divisor of 44 and v?
22
Suppose 0 = 5*k - 127 - 13. Let z = 20 + k. Calculate the greatest common divisor of 24 and z.
24
Let s(a) = -a**2 + 4*a + 24. Let y be s(7). Let n be 100/16 + 1/(-4). Calculate the greatest common divisor of n and y.
3
Suppose 0 = -2*r - 2*r + 112. Calculate the greatest common factor of 7 and r.
7
Let z be ((-6)/4)/((-6)/32). Let h(p) = -p**2 - 9*p. Let a be h(-4). What is the greatest common divisor of a and z?
4
Let p = -11 - -5. Let k be (54/15)/(p/(-100)). What is the highest common factor of k and 20?
20
Let n be (1*-2)/((-2)/8). Suppose n = -3*z + 4*z. Let l be (z/(-10))/((-8)/100). Calculate the highest common divisor of 30 and l.
10
Suppose 5*b - 18 - 7